l = -403. What is the tens digit of l?
3
Suppose -15*u + 10*u - 502 = -2*g, 4*u - 4*g = -392. Let b = 352 + u. What is the tens digit of b?
5
Suppose -4*l - w + 12 = 3, -5*l - w = -11. Suppose 68 = -l*f + 4*b + 660, 5*b = 3*f - 892. What is the hundreds digit of f?
3
Suppose 131642 + 518414 = 11*g - 0*g. What is the tens digit of g?
9
Let y = 25768 - 18116. What is the thousands digit of y?
7
Let h be 18/(-63) - 220/14. Let t(l) = -8*l - 8. Let g(r) = -r - 1. Let s(o) = -4*g(o) + t(o). What is the units digit of s(h)?
0
What is the ten thousands digit of ((-8115)/25)/(449/45 - 10)?
1
Suppose 0 = 10*v - 6*v + 732. Let q = v + 250. What is the units digit of q?
7
Suppose -15*y + 10*y = -50. Let l be ((-6)/(-15))/(y/2450). Let g = l - 8. What is the tens digit of g?
9
Let o(f) be the third derivative of f**6/120 + 7*f**5/30 - f**4/6 - 13*f**3/6 - f**2 - 2*f. What is the tens digit of o(-10)?
2
Let a(f) = f**3 - 83*f**2 + 336*f - 398. What is the tens digit of a(86)?
8
Let j be 142/12 + (-71)/6 + 12. Suppose 3*u = -j, -4*u + 124 = p - 362. What is the tens digit of p?
0
Let c be 105 + 1 - (-3 + 2). Let w = 305 - c. Suppose -2*j + 2*m + 108 = 0, -6*j + 2*j = 2*m - w. What is the units digit of j?
1
Suppose -27*s + 25*s = -5*t + 30235, 18160 = 3*t - 5*s. What is the tens digit of t?
4
Suppose -40*q + 35*q + 249835 = o, -5*q = 4*o - 249820. What is the units digit of q?
8
Suppose -7*s = -11 - 3. Let q(w) = -w**3 - w**2 + 2*w - 2. Let g be q(s). What is the tens digit of (-294)/15*g/4?
4
Suppose 0 = -3*u + 17*i - 12*i + 57604, -4*u + 76814 = 2*i. What is the hundreds digit of u?
2
Let o = -59 - -47. Let u(c) = -24*c + 119. What is the tens digit of u(o)?
0
Let x = -407 - -898. Suppose -2*k + 3*a + 227 = -x, 0 = -3*a + 6. What is the tens digit of k?
6
Let h be -28 - (-3)/15*0. Let n be (1 - (-12)/h)*(3 - -4). Suppose -5*f = 35 - 15, 140 = 2*v + n*f. What is the units digit of v?
8
Let l(j) = -j**3 + 8*j**2 - 14*j + 19. Let a be l(9). Suppose 2*p + 363 = -5*n, -3*n - 196 = 4*p + 33. Let o = n - a. What is the units digit of o?
7
What is the tens digit of ((-38)/5)/(165/(-276375))?
3
Suppose -1806 = 4*g + 2*v, -3*v = g - 7*v + 429. What is the units digit of 9 + (-8 - -4) - g?
4
What is the thousands digit of 6*((-40346)/10)/((-18)/15)?
0
Suppose -54*u + 69880 = -173714. What is the hundreds digit of u?
5
Suppose j - 4*x - 18 = 0, -3*j + x = 6*x - 37. Suppose -j*l - 26 = -68. Suppose 4*s - l*c + 4*c = 418, -5*c = -2*s + 198. What is the tens digit of s?
0
Let f(x) = -1127*x + 1278. What is the tens digit of f(-19)?
9
Let c(r) = 11*r**2 - 26*r - 25. Let h be c(-1). Suppose -h*y - 23*y + 11830 = 0. What is the units digit of y?
8
What is the units digit of (32087/(-44))/((-5)/40)?
4
Let b(a) = a**3 + 10*a**2 - 13*a + 24. Let j(z) = -2*z**3 - 10*z**2 + 12*z - 24. Let d(p) = -3*b(p) - 2*j(p). What is the units digit of d(9)?
0
Let i(b) = -49700*b**2 - 74 + 49707*b**2 + 27*b + 232. What is the tens digit of i(-11)?
0
Let f(w) = -33*w + 183. Let m be f(6). Let r(h) = -2*h - 13. What is the units digit of r(m)?
7
Let q(h) = -2*h + 4. Let f be q(3). Let i(y) = 135 - 4*y - 134 - y**2 + 0*y. What is the units digit of i(f)?
5
Let r = 86 + -74. Let c = 219 + r. What is the tens digit of c?
3
Let o(n) = 154*n**3 + 2*n**2 - 9*n + 60. What is the hundreds digit of o(5)?
3
Let h(p) = -28 + 41*p + 55 + 117. What is the units digit of h(8)?
2
Let r(o) = 5*o**3 - 8*o**2 - 14*o - 6. What is the units digit of r(7)?
9
Let m(d) be the first derivative of 105/4*d**4 + 1/2*d**2 + 1/3*d**3 - d + 25. What is the hundreds digit of m(1)?
1
Suppose 261*z - 1041 = 258*z. Suppose 1928 - 341 = 3*b. Let f = b - z. What is the hundreds digit of f?
1
Let s(p) = 1061*p - 3. What is the ten thousands digit of s(11)?
1
Let z(n) = n**3 + n**2 + 1. Let y(q) = -q**3 + 3*q**2 - 3*q + 15. Let p(l) = y(l) - 2*z(l). What is the tens digit of p(-5)?
2
Let r be (0 + (-4)/(-2))/(1/2). Suppose -890 - 379 = -4*j + p, -1284 = -4*j + r*p. What is the units digit of j?
6
Suppose 5*k - 2*m = 82009, -45544 + 127541 = 5*k + 4*m. What is the hundreds digit of k?
4
Let j be 1/4 - 20/32*-6. Suppose -29 = 5*c - 9, 0 = j*b + c - 940. Let z = b + -154. What is the tens digit of z?
8
Let i = 16052 - 2600. What is the tens digit of i?
5
Suppose 0 = 26*p + 11*p - 33886 - 374002. What is the ten thousands digit of p?
1
Suppose -y = h - 32516, 78*h - 72*h + 4*y = 195098. What is the hundreds digit of h?
5
Suppose -138*z = -167*z + 106575. What is the hundreds digit of z?
6
Suppose 5*n = 4*m - 3*m + 20, -4*m = 20. Let c(f) = 22*f + 9. Let b(d) = -65*d - 26. Let i(k) = -3*b(k) - 8*c(k). What is the units digit of i(n)?
3
Suppose 0 = -p + f - 2*f, 2*p = f + 9. Suppose 0 = -a + 2*c - 4*c + 8, 5*c = -p*a + 26. Suppose a*d + 1254 = 23*d. What is the hundreds digit of d?
1
Let i be 10*-18*3/12. Let t be (-64)/(-30) + 1/i*6. Suppose -t*d = -4*l + 174, 5*l - l + 3*d = 149. What is the units digit of l?
1
Suppose -954 = s - 9991. What is the hundreds digit of s?
0
Suppose 3*m - 133 = -241. Let r = 36 + m. Suppose -3*x - 2*n + 343 = 0, r*x - 3*x + 3*n = -363. What is the hundreds digit of x?
1
Let p(u) = 6*u**2 - 5*u - 1. Let y be (-2 - 0)/(4/2). Let a be p(y). Suppose 2*h - 22 = a. What is the units digit of h?
6
Suppose 0 = 6*g - 4*g - 12, 0 = -2*f - g + 24254. What is the hundreds digit of f?
1
Let i = -1208 + 6956. What is the tens digit of i?
4
Let m = 19976 + -4285. What is the tens digit of m?
9
Let n = 15591 - 9430. What is the hundreds digit of n?
1
Let o = -29 - -31. Suppose o*r = -2*r + 568. Suppose 2*h - r = 5*q, 4*h + 3*q = -0*h + 336. What is the units digit of h?
1
Let v(p) = -p**3 + 7*p**2 - 5*p - 2. Let n be v(5). Suppose 0 = 17*f - n*f + 1974. What is the tens digit of f?
2
Let s(z) = 57*z**2 - 13*z + 137. What is the hundreds digit of s(-16)?
9
Let a be 35/10 + (-2)/(-4). Let v be 3567/a - 15/20. Suppose 149 + v = 8*f. What is the tens digit of f?
3
What is the ten thousands digit of (-2)/9 + 17664273/891 + 6/(-1)?
1
Suppose -9*t - 2562 = -15*t. Suppose -424*c = -t*c + 1716. What is the hundreds digit of c?
5
Suppose -2892 = -9*p + 6*p. Suppose 0 = c - 5*v - 495, -6*v = 2*c - 3*v - p. What is the tens digit of c?
8
Suppose -1 = -p - 5*w + 1, 0 = 5*w - 10. Let g be p*(6/(-20))/(30/25). Suppose 3*f - 136 = f + 3*a, g*a = 0. What is the units digit of f?
8
Let u(c) = -c**2 - 1. Let o(b) = -4*b**2 - 3. Let z(d) = -2*o(d) + 4*u(d). Let h be z(2). Suppose h*v = 16*v + 384. What is the hundreds digit of v?
1
Let l(p) = 688*p - 42. What is the thousands digit of l(3)?
2
Let x be 30/(-70) + 638/(-14). What is the hundreds digit of (2/1)/4 - 15571/x?
3
Let p be ((-18)/(-7))/6 + (-148)/(-14). Suppose 4*k - p*q = -15*q + 1552, k = -5*q + 380. What is the tens digit of k?
9
Suppose q - 4*t = -962, 5*q - 5*t + 2059 = -2751. Let i = q + 1724. What is the units digit of i?
2
Let o(i) = -2*i - 34. Let a(m) = -m - 35. Let t(k) = 7*a(k) - 6*o(k). Suppose 0*q + f = -3*q + 51, 2*f = 0. What is the tens digit of t(q)?
4
Suppose -2*m + 16 = -4*w, 0*w - 12 = -3*w. Suppose m*v - 4069 = 2891. What is the hundreds digit of v?
4
Let w(j) = 7*j - 19. Let n(m) = -14*m + 38. Let r(x) = 3*n(x) + 5*w(x). Let p be r(-13). Suppose -3*g + 5*g = p. What is the units digit of g?
5
Suppose 3*n - 14064 = -3*m + 4332, -n - 30648 = -5*m. What is the hundreds digit of m?
1
Let k(p) = -3*p**2 + 26*p + 7. Let u = 16 - 3. Let h be k(u). Let o = 274 + h. What is the tens digit of o?
1
Suppose 3*d + x - 72082 = 0, 3*d - 8*x - 72103 = -12*x. What is the tens digit of d?
2
Suppose -1993*g = -1995*g + 4*q + 8842, -2*g + 8824 = 2*q. What is the thousands digit of g?
4
Let m(t) = 64*t**2 - 87*t - 486. What is the units digit of m(-27)?
9
Let f = -44 + 172. Suppose 0 = 2*d - f + 108. What is the units digit of d?
0
Let k(r) = -r**3 - 14*r**2 + 42*r + 23. Let b(q) = -q**2 - 6*q + 10. Let i be b(-9). What is the units digit of k(i)?
6
Let f(d) = -2*d**3 + 8*d + 4. Let p be f(-2). Suppose -4259 = -p*b - 763. What is the tens digit of b?
7
Let u(a) = -3947*a - 5681. What is the units digit of u(-5)?
4
Suppose 3*b - 8 = -s, b = s - 6*s - 2. Suppose -2*p = o - 584, -7*p = -10*p + b. What is the tens digit of o?
8
Suppose h - 4 + 1 = 0. Suppose -3*y = h*d + 126, -4